 5*y(v). Let h be k(0). Suppose -5*d + 23 = -h. What is the units digit of d?
6
Let p = 295 + -142. What is the tens digit of p?
5
Let z = -8 + 7. Let l be (3 - z - 3)/1. What is the units digit of 2/(6/15) + l?
6
Let m = -31 + 76. What is the units digit of m?
5
Let p = 61 - 45. What is the units digit of p?
6
Let x = 8 - -4. Let u be 0 + (-2 - x/(-2)). Let q = 5 - u. What is the units digit of q?
1
Suppose -2*h = -6*h + 704. Suppose -3*z = z - h. What is the units digit of z?
4
Let f = 9 - 5. Let x be (-3 + 2 + f)/1. Suppose 0 = -4*i - 2*k - k + 16, -x*k = -i + 19. What is the units digit of i?
7
Let y(p) = p**3 + 8*p**2 + 9*p + 17. What is the units digit of y(-6)?
5
Let n(c) = -5*c**3 - 2*c**2 - c. Let o be n(-1). Suppose 4*m = -0*m + 8. Suppose -m*f = -3*f + o. What is the units digit of f?
4
Let q = 33 - -15. Let k = q - 67. Let s = -13 - k. What is the units digit of s?
6
Let u = 325 - 220. What is the units digit of u?
5
Suppose 3*c - 3*w + 0*w + 18 = 0, -4*w = 5*c + 39. Let s = 9 + c. What is the units digit of s?
2
Let m(u) = -u + 2. Let f be m(2). Let h be (f + -4)/(0 + 1). Let c(s) = s**3 + 3*s**2 - 4*s + 3. What is the units digit of c(h)?
3
Suppose -s + 5*v - 17 = 0, 4*s = 5*v - 3*v + 4. Suppose -3*m = -4*n + 13, 2*m + s*n + 4 - 1 = 0. What is the units digit of m*(-3 - (2 - 2))?
9
Let t = -4 - -5. Suppose 2*r - t - 1 = 0. What is the units digit of r?
1
Let z(y) = 8*y + 1. Let n(o) = -1 + 7*o - 10 - 2*o - 4*o. Let f be n(12). What is the units digit of z(f)?
9
Suppose 3*c - 4*c + 4 = 0. Suppose -c*p = -9*p. Suppose l + l - 4*o - 40 = 0, p = -5*o - 20. What is the units digit of l?
2
What is the tens digit of 3/15*3*45?
2
Let f = 31 + -22. Let r = 7 - f. What is the units digit of 2*10*(-1)/r?
0
Let j = -2 + 4. What is the units digit of j?
2
Let a(s) be the second derivative of s**3 - s**2/2 - 3*s. What is the units digit of a(1)?
5
What is the units digit of (-3)/(-1) + (-96)/(-3)?
5
Let o(n) = -2*n + 8. What is the units digit of o(-4)?
6
Suppose -62*y = -61*y - 424. What is the hundreds digit of y?
4
Let l = 0 + 2. Suppose 5*s - 39 = -4*j + l*j, 3*s - 9 = 0. Suppose -j = y - 3*y. What is the units digit of y?
6
Let n(s) = -s**3 + s**2 + s + 1. Let c be 2*-1*(-5)/(-10). Let z be n(c). Let w = 12 + z. What is the tens digit of w?
1
Suppose 12 = 2*c - 6*c. What is the units digit of (-1)/(((-3)/(-8))/c)?
8
Suppose 0 = -28*m + 23*m + 775. What is the hundreds digit of m?
1
Let j(u) = -u**3 - 3*u**2 - 2*u - 3. Let o = -6 - -3. Let v be j(o). Suppose -27 - v = -5*y. What is the units digit of y?
6
Let a(x) = 2*x**2 + x - 4. Let y be a(3). Let t = y - 12. What is the units digit of t?
5
Let u(f) = 2*f**2 - f - 8. What is the units digit of u(-6)?
0
Let s = 17 + -3. Let l be (-4)/14 + 200/s. Let g = -5 + l. What is the units digit of g?
9
Let c be ((-428)/10)/((-5)/25). Let o be c/6 - (-2)/6. Suppose 0*f = 4*f - o. What is the units digit of f?
9
Suppose -11 + 51 = 4*p. What is the tens digit of p?
1
Suppose 0 = 4*g + 3*b - 5*b + 18, 3 = b. Let q be g/(-1)*(-16)/(-12). Suppose -9*s = -q*s - 3*a - 30, 0 = 2*a. What is the units digit of s?
6
Suppose 3*g = -5 + 14. What is the units digit of g?
3
Let x = 23 - -8. What is the tens digit of x?
3
Let l(d) = -d + 2. Let p be l(2). Suppose -5*y + 28 = -f, -2*y + 0*y - 5*f + 22 = p. Let k(q) = q**3 - 6*q**2 + q. What is the units digit of k(y)?
6
Let r be (0 - 1)/((-1)/4). Suppose -4*i + 8 = 0, 3*h + r*i - 63 = -2*h. Suppose -h = -5*y - 3*u, 2*u - 6 = -3*y - 0*u. What is the units digit of y?
4
Let l = 41 - 28. Let d(v) = -v**3 + 14*v**2 - 13*v + 6. What is the units digit of d(l)?
6
Suppose -4*h - 9 = -153. What is the units digit of h?
6
Suppose -r + 4 = -0. Suppose 14 + 34 = r*x. What is the tens digit of x?
1
Let v be (3*-1)/(-9)*6. Let u = 3 - v. What is the units digit of u?
1
Let t(z) = 31*z**2 - 1. Let u(q) = q**3 + 4*q**2 + 1. Let k be u(-4). Let b be t(k). What is the units digit of (b/(-24))/(2/(-8))?
5
Let d(t) = 7*t**3 + 8*t**2 - 6. Let m(g) = -15*g**3 - 17*g**2 + 13. Let r(i) = 13*d(i) + 6*m(i). Let j be r(-2). Let w = 3 + j. What is the units digit of w?
3
Suppose -5*q + 308 = 4*u, -23 + 254 = 3*u - 5*q. What is the units digit of u?
7
Suppose -y + 6*m - m + 6 = 0, -5*m - 27 = -2*y. Let f = 42 - y. What is the tens digit of f?
2
Let y(m) = -8*m. Let o be y(-1). Let f be (-1)/4 - 6/o. What is the units digit of (18/(-4))/(f/2)?
9
What is the tens digit of 158/4 + (-19)/(-38)?
4
Suppose 6*z = z + 175. Suppose -55 = -5*s + z. What is the tens digit of s?
1
Suppose -4*d + 5*t = -68, 0 = 2*d - d + t - 8. What is the units digit of d?
2
Suppose 39 = k - 5*m, -m + 14 = -k + 49. What is the tens digit of k?
3
Suppose 2*i - 8 = 0, -2*s + 5*i - 4 = 10. Suppose 5*c - 4*u - 102 = 0, -c = 2*c - s*u - 60. What is the tens digit of c?
2
What is the tens digit of ((-6)/(-4))/(6/304)?
7
Let u be 3/1*8/(-3). Let c = 16 + u. Suppose 3 = -g + c. What is the units digit of g?
5
Suppose c = i - 30, -4*c + 3*i = -0*i + 125. What is the tens digit of (-3)/(-6)*(-1 - c)?
1
Let d(t) = 6*t + 2 + t - 3*t**2 - t**3 - 3*t. Let p be d(-4). Suppose o - 9 = -p*o. What is the units digit of o?
3
Let b(f) = 2*f - 2. Let c be b(3). Suppose -3*h + 2*w + 28 = 0, c*h - 3*h = -5*w - 2. What is the units digit of h?
8
Let r = 9 + -6. Suppose 7*u - 3*b - 15 = r*u, -2*u + 5*b = -25. Suppose u = -2*m - m + 6. What is the units digit of m?
2
What is the tens digit of 37 + 0/((-16)/(-4))?
3
Let k = 2 + 4. What is the units digit of (k/18)/((-2)/(-12))?
2
Let j be (3/(-6) - 0)*-74. Let r = j - 19. Suppose 0 = c + c - r. What is the units digit of c?
9
Suppose 2*g + 6 = -4. Let j be (-314)/(-6) - g/(-15). Suppose 0*l - j = -4*l. What is the tens digit of l?
1
Let m(r) be the second derivative of r**4/12 + r**3/6 - 7*r**2/2 - r. What is the units digit of m(-7)?
5
Let h(b) = -5*b - 8. What is the units digit of h(-7)?
7
Let f(y) = -37*y - 75. What is the tens digit of f(-8)?
2
What is the tens digit of (-2 + 0)*(-1 + -4)?
1
Let n be 5/(15/(-6)) - 3. Let u(s) = -s**3 - 6*s**2 - 8*s - 5. Let g be u(n). Let p = 17 - g. What is the units digit of p?
7
Suppose -5*g - v - 143 + 574 = 0, 4*g - v = 352. What is the tens digit of g?
8
Let o be (-24 + -2)*(-3)/(-6). Let v = -8 - o. What is the units digit of v?
5
What is the tens digit of 6/2 - (-16 + 3)?
1
Let u = 25 + 13. What is the units digit of u?
8
What is the units digit of 81/2*(-28)/(-42)?
7
Let v(z) = -6 - 12*z + 3 + 3 + 1. What is the tens digit of v(-2)?
2
Suppose 4*j - 3 = 2*b + j, 0 = -b + 4*j - 9. Suppose b*h - 6 = 0, 4*r + 7*h - 32 = 3*h. What is the units digit of r?
6
Let t(o) = 8*o + 14. What is the units digit of t(6)?
2
Let d(b) = 8*b + 16*b**2 - 7*b - 4*b**2. What is the units digit of d(-1)?
1
Let g = 6 + -6. Let h = g - -5. What is the units digit of h?
5
Let p = 2 + 0. Suppose -4*q = -2*d - 2*q - 2, -3*d - 4 = -p*q. What is the units digit of (d/(-6))/((-8)/(-48))?
2
Let d = -11 + 16. What is the units digit of 1*d*21/35?
3
Suppose 0 = 2*o - 77 - 25. What is the units digit of o?
1
Let h = -2 - -2. Suppose h = -2*w - 3*w + 25. Suppose -w*j = -3*j - 10. What is the units digit of j?
5
Suppose -2*h - 4*p + 72 = 0, h + 4*h - 204 = -4*p. Suppose 2*j - 22 = 3*i, -4*j - 3*i - 2*i + h = 0. Suppose -1 + j = 5*f. What is the units digit of f?
2
Suppose -c + 2 = -0. Let p = -2 + c. Suppose p = 2*f - 18. What is the units digit of f?
9
Let t = -142 + 204. What is the tens digit of t?
6
What is the tens digit of (-3 - (-1 + 1)) + 34?
3
Suppose n - 19 = -3*g + 6*n, -g = -5*n - 3. Suppose -3*q + 1 = -g. Suppose -5 + 26 = q*m. What is the units digit of m?
7
Let d(v) = -v**2 + 7*v + 11. Let j be d(8). Let m = -5 + j. What is the tens digit of -13*(-3 - m) + -1?
1
What is the units digit of (-2)/8*-6*(63 - 1)?
3
Let w(q) = -4*q**3 - q + 0*q + 3*q**3 + 6*q**2. What is the units digit of w(5)?
0
Suppose -4*c = 5*p - 171, -p - 4*c - 109 = -4*p. Let j = p - 20. What is the tens digit of j?
1
Let q = -80 + 114. What is the tens digit of q?
3
Let m(u) = 18*u - 9. What is the tens digit of m(3)?
4
Let m(d) = -d**2 - 5*d - 7. Let q be m(-6). Let h = 35 - q. What is the units digit of h?
8
Suppose -3*g + 2*g = -4*u + 30, -2*u + 4*g + 8 = 0. Let w = 6 - u. Let z = w - -4. What is